{"id":2270,"date":"2020-06-14T21:30:31","date_gmt":"2020-06-14T19:30:31","guid":{"rendered":"https:\/\/terranatur.es\/web\/?page_id=2270"},"modified":"2025-09-23T09:57:11","modified_gmt":"2025-09-23T07:57:11","slug":"ruta-botanica-escorial-silla-felipe-ii-madrid","status":"publish","type":"page","link":"https:\/\/terranatur.es\/web\/ruta-botanica-escorial-silla-felipe-ii-madrid\/","title":{"rendered":"Ruta bot\u00e1nica El Escorial &#8211; Silla de Felipe II"},"content":{"rendered":"<div>SENDERISMO BOT\u00c1NICO EN LA SIERRA DE MADRID<\/div>\n<h1>BOSQUES M\u00c1GICOS EN EL ESCORIAL<\/h1>\n<p><p>\n        <a href=\"#map\">Desc\u00fabrelos<\/a>\n    <\/p>\n<\/p>\n<p><img decoding=\"async\" src=\"\/web\/wp-content\/uploads\/2021-06-19-ruta-botanica-42.jpg\" alt=\"\"><\/p>\n<div>\n<h2>DESCUBRE LA NATURALEZA QUE RODEA LA SILLA DE FELIPE II<\/h2>\n<div>\n<h4>PR\u00d3XIMA FECHA: BAJO SOLICITUD. GRUPO M\u00cdNIMO 5 PERSONAS.<\/h4>\n<p>Una ruta conocida y sencilla para caminar pero que, al ir acompa\u00f1ados de un bot\u00e1nico, cambia totalmente al comprender todas las caracter\u00edsticas naturales de los bosques de media monta\u00f1a.<\/p>\n<p>Vas a descubrir decenas de plantas, su importancia y utilidades. Analiza el paisaje y mira con ojos nuevos un entorno que ni te imaginas.<\/p>\n<p>Actividad perfecta para ir solo, con la familia, o en grupo.<\/p>\n<p>Se accede en veh\u00edculo propio o en transporte p\u00fablico (autobuses o tren de cercan\u00edas).<\/p>\n<p>Puedes hacer que sea un regalo diferente y muy especial. Pregunta por nuestras tarjetas regalo personalizables.<\/p>\n<p>\u00a1Bot\u00e1nica accesible!<\/p>\n<div class=\"uk-child-width-1-2 uk-grid-large\" uk-grid=\"\">\n<div class=\"uk-grid-collapse uk-child-width-1-2@s uk-margin-bottom\" uk-grid=\"\">\n<div style=\"max-width: 80px;\"><img decoding=\"async\" src=\"\/web\/wp-content\/uploads\/trans-alps-about-icon-01.svg\" alt=\"\" uk-svg=\"\" \/><\/div>\n<div class=\"uk-flex uk-flex-center uk-flex-middle\" style=\"max-width: 80px;\">\n<div class=\"uk-h6\">6 km<\/div>\n<\/div>\n<\/div>\n<div class=\"uk-grid-collapse uk-child-width-1-2@s uk-margin-bottom\" uk-grid=\"\">\n<div style=\"max-width: 80px;\"><img decoding=\"async\" src=\"\/web\/wp-content\/uploads\/trans-alps-about-icon-02.svg\" alt=\"\" uk-svg=\"\" \/><\/div>\n<div class=\"uk-flex uk-flex-center uk-flex-middle\" style=\"max-width: 80px;\">\n<div class=\"uk-h6\">De 10:10 a 14 horas<\/div>\n<\/div>\n<\/div>\n<div class=\"uk-grid-collapse uk-child-width-1-2@s uk-margin-bottom\" uk-grid=\"\">\n<div style=\"max-width: 80px;\"><img decoding=\"async\" src=\"\/web\/wp-content\/uploads\/trans-alps-about-icon-03.svg\" alt=\"\" uk-svg=\"\" \/><\/div>\n<div class=\"uk-flex uk-flex-center uk-flex-middle\" style=\"max-width: 80px;\">\n<div class=\"uk-h6\">Colina<\/div>\n<\/div>\n<\/div>\n<div class=\"uk-grid-collapse uk-child-width-1-2@s uk-margin-bottom\" uk-grid=\"\">\n<div style=\"max-width: 80px;\"><img decoding=\"async\" src=\"\/web\/wp-content\/uploads\/trans-alps-about-icon-04.svg\" alt=\"\" uk-svg=\"\" \/><\/div>\n<div class=\"uk-flex uk-flex-center uk-flex-middle\" style=\"max-width: 80px;\">\n<div class=\"uk-h6\">F\u00e1cil<\/div>\n<\/div>\n<\/div>\n<\/div>\n<\/div>\n<\/div>\n<ul>\n<li>\n<p>        <img decoding=\"async\" src=\"\/web\/wp-content\/uploads\/2021-06-19-ruta-botanica-02.jpg\" alt=\"\"><\/p>\n<\/li>\n<li>\n<p>        <img decoding=\"async\" src=\"\/web\/wp-content\/uploads\/2021-06-19-ruta-botanica-16.jpg\" alt=\"\"><\/p>\n<\/li>\n<li>\n<p>        <img decoding=\"async\" src=\"\/web\/wp-content\/uploads\/2021-06-19-ruta-botanica-04.jpg\" alt=\"\"><\/p>\n<\/li>\n<li>\n<p>        <img decoding=\"async\" src=\"\/web\/wp-content\/uploads\/2021-06-19-ruta-botanica-20.jpg\" alt=\"\"><\/p>\n<\/li>\n<li>\n<p>        <img decoding=\"async\" src=\"\/web\/wp-content\/uploads\/2021-06-19-ruta-botanica-31.jpg\" alt=\"\"><\/p>\n<\/li>\n<li>\n<p>        <img decoding=\"async\" src=\"\/web\/wp-content\/uploads\/2021-06-19-ruta-botanica-46.jpg\" alt=\"\"><\/p>\n<\/li>\n<\/ul>\n<div>Bot\u00e1nica en movimiento<\/div>\n<h2>\u00bfen qu\u00e9 consiste?<\/h2>\n<div>\n<p>A diferencia de las rutas convencionales de senderismo, te ofrecemos agradables paseos acompa\u00f1ados por una bi\u00f3loga doctora en bot\u00e1nica con la que podr\u00e1s identificar \u00e1rboles, arbustos, flores, frutos, l\u00edquenes, musgos; y aprender el papel fundamental que tienen las plantas en el paisaje y nuestras vidas.<\/p>\n<\/div>\n<blockquote>\n<p>&#8220;No se trata de correr, sino de observar y descubrir el mundo natural&#8221;<\/p>\n<footer>\n<p>                <cite>El equipo Terranatur<\/cite><\/p>\n<\/footer>\n<\/blockquote>\n<div>UNA RUTA BOT\u00c1NICA ACCESIBLE<\/div>\n<p><img decoding=\"async\" src=\"\/web\/wp-content\/uploads\/2021-06-19-ruta-botanica-15.jpg\" alt=\"\"><\/p>\n<h3>DATOS PR\u00c1CTICOS<\/h3>\n<div>\n<h4>PRECIO DE LA ACTIVIDAD:<\/h4>\n<ul>\n<li>Adultos (de 12 a\u00f1os en adelante): 80 \u20ac (IVA incluido)<\/li>\n<li>Ni\u00f1os (hasta 12 a\u00f1os): 10 \u20ac<\/li>\n<li>Consultar grupos escolares y empresas.<\/li>\n<\/ul>\n<\/div>\n<ul>\n<li>\n<h3>\u00bfQue incluye?<\/h3>\n<div>\n<ul>\n<li>Explicaciones por una bi\u00f3loga, doctora en bot\u00e1nica.<\/li>\n<li>Dossier digital sobre la actividad.<\/li>\n<li>Pr\u00e1ctica de macrofotograf\u00eda con tu m\u00f3vil.<\/li>\n<li>Env\u00edo de foto de grupo.<\/li>\n<li>Seguro de responsabilidad civil.<\/li>\n<\/ul>\n<\/div>\n<\/li>\n<li>\n<h3>\u00bfQue te recomendamos llevar?<\/h3>\n<div>\n<p>Seg\u00fan la \u00e9poca del a\u00f1o:<\/p>\n<ul>\n<li>Imprescindible botas de monta\u00f1a o zapatillas de trekking.<\/li>\n<li>Ropa adecuada, sin olvidar el chubasquero, la crema del sol y el gorro.<\/li>\n<li>M\u00f3vil y c\u00e1mara de fotos.<\/li>\n<li>Prism\u00e1ticos.<\/li>\n<li>Cuaderno y l\u00e1piz.<\/li>\n<li>Agua y algo para almorzar a media ma\u00f1ana.<\/li>\n<\/ul>\n<\/div>\n<\/li>\n<\/ul>\n<p><p>\n        <a href=\"https:\/\/api.whatsapp.com\/send?phone=+616542646&#038;text=Hola,%20me%20interesa%20la%20actividad%20%22RUTA%20BOT%C3%81NICA%20POR%20EL%20ESCORIAL%22\">SOLICITAR FECHA<\/a>\n    <\/p>\n<\/p>\n<p><!--more--><br \/>\n<!-- {\"type\":\"layout\",\"children\":[{\"name\":\"Hero\",\"type\":\"section\",\"props\":{\"height\":\"viewport\",\"height_offset_top\":true,\"image\":\"wp-content\\\/uploads\\\/2021-06-19-ruta-botanica-32.jpg\",\"image_effect\":\"parallax\",\"image_parallax_bgy\":\"-200,0\",\"image_parallax_breakpoint\":\"m\",\"image_parallax_easing\":\"1\",\"image_position\":\"top-center\",\"image_size\":\"cover\",\"image_width\":\"2560\",\"overlap\":true,\"padding\":\"large\",\"style\":\"default\",\"text_color\":\"light\",\"title\":\"Ruta botanica El Escorial\",\"title_breakpoint\":\"xl\",\"title_position\":\"top-left\",\"title_rotation\":\"left\",\"vertical_align\":\"middle\",\"width\":\"large\"},\"children\":[{\"type\":\"row\",\"children\":[{\"type\":\"column\",\"props\":{\"image_position\":\"center-center\",\"position_sticky_breakpoint\":\"m\",\"width_medium\":\"1-1\"},\"children\":[{\"type\":\"headline\",\"props\":{\"content\":\"SENDERISMO BOT\\u00c1NICO EN LA SIERRA DE MADRID\",\"title_color\":\"background\",\"title_element\":\"div\",\"title_style\":\"h3\"}},{\"type\":\"headline\",\"props\":{\"content\":\"BOSQUES M\\u00c1GICOS EN EL ESCORIAL\",\"margin_remove_top\":true,\"maxwidth\":\"2xlarge\",\"title_element\":\"h1\",\"title_style\":\"heading-xlarge\"}},{\"type\":\"text\",\"props\":{\"column_breakpoint\":\"m\",\"content\":\"\",\"margin\":\"remove-vertical\",\"maxwidth\":\"large\",\"text_color\":\"danger\",\"text_style\":\"lead\"}},{\"type\":\"button\",\"props\":{\"grid_column_gap\":\"small\",\"grid_row_gap\":\"small\",\"margin\":\"default\"},\"children\":[{\"type\":\"button_item\",\"props\":{\"button_style\":\"text\",\"content\":\"Desc\\u00fabrelos\",\"dialog_layout\":\"modal\",\"dialog_offcanvas_flip\":true,\"icon_align\":\"left\",\"link\":\"#map\"}}]}]}]}]},{\"name\":\"CAJA FOTO + LETRERO SOMBREIMPRESO\",\"type\":\"section\",\"props\":{\"image_position\":\"center-center\",\"overlap\":false,\"padding\":\"none\",\"padding_remove_bottom\":false,\"padding_remove_top\":false,\"style\":\"default\",\"title\":\"Domina tu moto de trail\",\"title_breakpoint\":\"xl\",\"title_position\":\"center-right\",\"title_rotation\":\"left\",\"vertical_align\":\"\",\"width\":\"xlarge\"},\"children\":[{\"type\":\"row\",\"props\":{\"column_gap\":\"collapse\",\"layout\":\"1-2,1-2\",\"row_gap\":\"collapse\"},\"children\":[{\"type\":\"column\",\"props\":{\"image_position\":\"center-center\",\"position_sticky_breakpoint\":\"m\",\"vertical_align\":\"middle\",\"width_medium\":\"1-2\"},\"children\":[{\"type\":\"image\",\"props\":{\"animation\":\"parallax\",\"block_align\":\"right\",\"image\":\"wp-content\\\/uploads\\\/2021-06-19-ruta-botanica-42.jpg\",\"image_box_decoration\":\"default\",\"image_svg_color\":\"emphasis\",\"image_width\":\"600\",\"margin\":\"default\",\"maxwidth\":\"xlarge\",\"parallax_breakpoint\":\"m\",\"parallax_easing\":\"1\",\"parallax_y\":\"-100,-240\",\"text_align\":\"right\",\"visibility\":\"m\"}}]},{\"type\":\"column\",\"props\":{\"image_position\":\"center-center\",\"position_sticky_breakpoint\":\"m\",\"width_medium\":\"1-2\"},\"children\":[{\"type\":\"panel\",\"props\":{\"animation\":\"parallax\",\"content\":\"\n\n<h4>PR\\u00d3XIMA FECHA: BAJO SOLICITUD. GRUPO M\\u00cdNIMO 5 PERSONAS.<\\\/h4>\\n\n\n<p>Una ruta conocida y sencilla para caminar pero que, al ir acompa\\u00f1ados de un bot\\u00e1nico, cambia totalmente al comprender todas las caracter\\u00edsticas naturales de los bosques de media monta\\u00f1a.<\\\/p>\\n\n\n<p>Vas a descubrir decenas de plantas, su importancia y utilidades. Analiza el paisaje y mira con ojos nuevos un entorno que ni te imaginas.<\\\/p>\\n\n\n<p>Actividad perfecta para ir solo, con la familia, o en grupo.<\\\/p>\\n\n\n<p>Se accede en veh\\u00edculo propio o en transporte p\\u00fablico (autobuses o tren de cercan\\u00edas).<\\\/p>\\n\n\n<p>Puedes hacer que sea un regalo diferente y muy especial. Pregunta por nuestras tarjetas regalo personalizables.<br \\\/><br \\\/>\\u00a1Bot\\u00e1nica accesible!<\\\/p>\\n\n\n<div class=\\\"uk-child-width-1-2 uk-grid-large\\\" uk-grid=\\\"\\\">\\n\n\n<div class=\\\"uk-grid-collapse uk-child-width-1-2@s uk-margin-bottom\\\" uk-grid=\\\"\\\">\\n\n\n<div style=\\\"max-width: 80px;\\\"><img src=\\\"wp-content\\\/uploads\\\/trans-alps-about-icon-01.svg\\\" alt=\\\"\\\" uk-svg=\\\"\\\" \\\/><\\\/div>\\n\n\n<div class=\\\"uk-flex uk-flex-center uk-flex-middle\\\" style=\\\"max-width: 80px;\\\">\\n\n\n<div class=\\\"uk-h6\\\">6 km<\\\/div>\\n<\\\/div>\\n<\\\/div>\\n\n\n<div class=\\\"uk-grid-collapse uk-child-width-1-2@s uk-margin-bottom\\\" uk-grid=\\\"\\\">\\n\n\n<div style=\\\"max-width: 80px;\\\"><img src=\\\"wp-content\\\/uploads\\\/trans-alps-about-icon-02.svg\\\" alt=\\\"\\\" uk-svg=\\\"\\\" \\\/><\\\/div>\\n\n\n<div class=\\\"uk-flex uk-flex-center uk-flex-middle\\\" style=\\\"max-width: 80px;\\\">\\n\n\n<div class=\\\"uk-h6\\\">De 10:10 a 14 horas<\\\/div>\\n<\\\/div>\\n<\\\/div>\\n\n\n<div class=\\\"uk-grid-collapse uk-child-width-1-2@s uk-margin-bottom\\\" uk-grid=\\\"\\\">\\n\n\n<div style=\\\"max-width: 80px;\\\"><img src=\\\"wp-content\\\/uploads\\\/trans-alps-about-icon-03.svg\\\" alt=\\\"\\\" uk-svg=\\\"\\\" \\\/><\\\/div>\\n\n\n<div class=\\\"uk-flex uk-flex-center uk-flex-middle\\\" style=\\\"max-width: 80px;\\\">\\n\n\n<div class=\\\"uk-h6\\\">Colina<\\\/div>\\n<\\\/div>\\n<\\\/div>\\n\n\n<div class=\\\"uk-grid-collapse uk-child-width-1-2@s uk-margin-bottom\\\" uk-grid=\\\"\\\">\\n\n\n<div style=\\\"max-width: 80px;\\\"><img src=\\\"wp-content\\\/uploads\\\/trans-alps-about-icon-04.svg\\\" alt=\\\"\\\" uk-svg=\\\"\\\" \\\/><\\\/div>\\n\n\n<div class=\\\"uk-flex uk-flex-center uk-flex-middle\\\" style=\\\"max-width: 80px;\\\">\\n\n\n<div class=\\\"uk-h6\\\">F\\u00e1cil<\\\/div>\\n<\\\/div>\\n<\\\/div>\\n<\\\/div>\",\"content_column_breakpoint\":\"m\",\"css\":\"@media (max-width: 959px) {\\n    .el-element { position: static !important; }\\n}\",\"icon_width\":80,\"image_align\":\"top\",\"image_grid_breakpoint\":\"m\",\"image_grid_width\":\"1-2\",\"image_svg_color\":\"emphasis\",\"link_style\":\"default\",\"link_text\":\"Read more\",\"margin\":\"\",\"maxwidth\":\"xlarge\",\"maxwidth_breakpoint\":\"l\",\"meta\":\"\",\"meta_align\":\"below-title\",\"meta_element\":\"div\",\"meta_style\":\"text-meta\",\"panel_padding\":\"large\",\"panel_style\":\"card-default\",\"parallax_breakpoint\":\"m\",\"parallax_easing\":\"1\",\"parallax_y\":\"-200,0\",\"position\":\"relative\",\"position_left\":\"-50\",\"text_align\":\"left\",\"title\":\"DESCUBRE LA NATURALEZA QUE RODEA LA SILLA DE FELIPE II\",\"title_align\":\"top\",\"title_element\":\"h2\",\"title_grid_breakpoint\":\"m\",\"title_grid_width\":\"1-2\",\"title_hover_style\":\"reset\",\"title_style\":\"h1\"}}]}]}]},{\"name\":\"Highlights\",\"type\":\"section\",\"props\":{\"image_position\":\"center-center\",\"padding\":\"large\",\"padding_remove_bottom\":false,\"padding_remove_top\":false,\"style\":\"default\",\"title\":\"Rutas & aventura\",\"title_breakpoint\":\"xl\",\"title_position\":\"center-left\",\"title_rotation\":\"left\",\"vertical_align\":\"\",\"width\":\"xlarge\",\"width_expand\":\"right\"},\"children\":[{\"type\":\"row\",\"props\":{\"column_gap\":\"large\",\"layout\":\"1-2,1-2\",\"row_gap\":\"large\"},\"children\":[{\"type\":\"column\",\"props\":{\"image_position\":\"center-center\",\"position_sticky_breakpoint\":\"m\",\"vertical_align\":\"middle\",\"width_large\":\"1-2\"},\"children\":[{\"type\":\"slideshow\",\"props\":{\"animation\":\"parallax\",\"container_padding_remove\":true,\"image_width\":\"1250\",\"link_style\":\"default\",\"link_text\":\"Read more\",\"margin\":\"default\",\"meta_align\":\"below-title\",\"meta_element\":\"div\",\"meta_style\":\"text-meta\",\"nav\":\"\",\"nav_align\":\"center\",\"nav_breakpoint\":\"\",\"nav_position\":\"bottom-center\",\"nav_position_margin\":\"large\",\"overlay_animation\":\"parallax\",\"overlay_position\":\"center-left\",\"parallax_breakpoint\":\"m\",\"parallax_easing\":\"1\",\"parallax_y\":\"50,-150\",\"show_content\":true,\"show_link\":true,\"show_meta\":true,\"show_thumbnail\":true,\"show_title\":true,\"slidenav\":\"\",\"slidenav_breakpoint\":\"s\",\"slidenav_margin\":\"medium\",\"slidenav_outside_breakpoint\":\"xl\",\"slideshow_animation\":\"fade\",\"slideshow_autoplay\":true,\"slideshow_autoplay_interval\":\"3\",\"slideshow_autoplay_pause\":true,\"slideshow_box_decoration\":\"mask\",\"slideshow_min_height\":300,\"slideshow_ratio\":\"16:11\",\"thumbnav_height\":\"65\",\"thumbnav_nowrap\":true,\"thumbnav_svg_color\":\"emphasis\",\"thumbnav_width\":\"100\",\"title_element\":\"h3\",\"title_hover_style\":\"reset\"},\"children\":[{\"type\":\"slideshow_item\",\"props\":{\"image\":\"wp-content\\\/uploads\\\/2021-06-19-ruta-botanica-02.jpg\",\"thumbnail\":\"wp-content\\\/uploads\\\/trans-alps-highlights-slideshow-01-thumb.jpg\",\"title\":\"\"}},{\"type\":\"slideshow_item\",\"props\":{\"image\":\"wp-content\\\/uploads\\\/2021-06-19-ruta-botanica-16.jpg\",\"thumbnail\":\"wp-content\\\/uploads\\\/trans-alps-highlights-slideshow-02-thumb.jpg\",\"title\":\"\"}},{\"type\":\"slideshow_item\",\"props\":{\"image\":\"wp-content\\\/uploads\\\/2021-06-19-ruta-botanica-04.jpg\",\"thumbnail\":\"wp-content\\\/uploads\\\/trans-alps-highlights-slideshow-03-thumb.jpg\",\"title\":\"\"}},{\"type\":\"slideshow_item\",\"props\":{\"image\":\"wp-content\\\/uploads\\\/2021-06-19-ruta-botanica-20.jpg\"}},{\"type\":\"slideshow_item\",\"props\":{\"image\":\"wp-content\\\/uploads\\\/2021-06-19-ruta-botanica-31.jpg\"}},{\"type\":\"slideshow_item\",\"props\":{\"image\":\"wp-content\\\/uploads\\\/2021-06-19-ruta-botanica-46.jpg\"}}]}]},{\"type\":\"column\",\"props\":{\"image_position\":\"center-center\",\"order_first\":\"l\",\"position_sticky_breakpoint\":\"m\",\"vertical_align\":\"middle\",\"width_large\":\"1-2\"},\"children\":[{\"type\":\"headline\",\"props\":{\"animation\":\"parallax\",\"block_align\":\"center\",\"content\":\"Bot\\u00e1nica en movimiento\",\"maxwidth\":\"xlarge\",\"maxwidth_breakpoint\":\"l\",\"parallax_breakpoint\":\"m\",\"parallax_easing\":\"1\",\"parallax_y\":\"50,-150\",\"title_color\":\"primary\",\"title_element\":\"div\",\"title_style\":\"h4\"}},{\"type\":\"headline\",\"props\":{\"animation\":\"parallax\",\"block_align\":\"center\",\"content\":\"\\u00bfen qu\\u00e9 consiste?\",\"margin_remove_top\":true,\"maxwidth\":\"xlarge\",\"maxwidth_breakpoint\":\"l\",\"parallax_breakpoint\":\"m\",\"parallax_easing\":\"1\",\"parallax_y\":\"50,-150\",\"title_element\":\"h2\",\"title_style\":\"heading-large\"}},{\"type\":\"text\",\"props\":{\"animation\":\"parallax\",\"block_align\":\"center\",\"column_breakpoint\":\"m\",\"content\":\"\n\n<p>A diferencia de las rutas convencionales de senderismo, te ofrecemos agradables paseos acompa\\u00f1ados por una bi\\u00f3loga doctora en bot\\u00e1nica con la que podr\\u00e1s identificar \\u00e1rboles, arbustos, flores, frutos, l\\u00edquenes, musgos; y aprender el papel fundamental que tienen las plantas en el paisaje y nuestras vidas.<\\\/p>\",\"margin\":\"medium\",\"maxwidth\":\"xlarge\",\"maxwidth_breakpoint\":\"l\",\"parallax_breakpoint\":\"m\",\"parallax_easing\":\"1\",\"parallax_y\":\"50,-150\"}},{\"type\":\"quotation\",\"props\":{\"animation\":\"parallax\",\"author\":\"El equipo Terranatur\",\"block_align\":\"center\",\"content\":\"\n\n<p>\\\"No se trata de correr, sino de observar y descubrir el mundo natural\\\"<\\\/p>\",\"maxwidth\":\"xlarge\",\"maxwidth_breakpoint\":\"l\",\"parallax_breakpoint\":\"m\",\"parallax_easing\":\"1\",\"parallax_y\":\"50,-150\"}}]}]}]},{\"name\":\"Map\",\"type\":\"section\",\"props\":{\"id\":\"map\",\"image_position\":\"center-center\",\"overlap\":false,\"padding_remove_bottom\":true,\"padding_remove_top\":false,\"style\":\"default\",\"title_breakpoint\":\"xl\",\"title_position\":\"top-left\",\"title_rotation\":\"left\",\"vertical_align\":\"\",\"width\":\"\"},\"children\":[{\"type\":\"row\",\"props\":{\"margin\":\"remove-vertical\",\"width\":\"large\"},\"children\":[{\"type\":\"column\",\"props\":{\"css\":\"@media (min-width: 960px) {\\n    \\n    .el-column { z-index: 2; }\\n    \\n}\",\"image_position\":\"center-center\",\"position_sticky_breakpoint\":\"m\",\"width_medium\":\"1-1\"},\"children\":[{\"type\":\"headline\",\"props\":{\"content\":\"UNA RUTA BOT\\u00c1NICA ACCESIBLE\",\"text_align\":\"center\",\"title_color\":\"primary\",\"title_element\":\"div\",\"title_style\":\"h4\"}}]}]},{\"type\":\"row\",\"props\":{\"margin\":\"default\",\"margin_remove_bottom\":false},\"children\":[{\"type\":\"column\",\"props\":{\"image_position\":\"center-center\",\"position_sticky_breakpoint\":\"m\",\"width_medium\":\"1-1\"}}]}]},{\"name\":\"Journal\",\"type\":\"section\",\"props\":{\"image_position\":\"center-center\",\"padding\":\"none\",\"style\":\"default\",\"title_breakpoint\":\"xl\",\"title_position\":\"top-left\",\"title_rotation\":\"left\",\"vertical_align\":\"\",\"width\":\"xlarge\",\"width_expand\":\"left\",\"width_expand_left\":true,\"width_expand_padding_remove\":true},\"children\":[{\"type\":\"row\",\"props\":{\"divider\":false,\"layout\":\"1-2,1-2\"},\"children\":[{\"type\":\"column\",\"props\":{\"image_position\":\"center-center\",\"position_sticky_breakpoint\":\"m\",\"width_large\":\"1-2\"},\"children\":[{\"type\":\"image\",\"props\":{\"animation\":\"parallax\",\"container_padding_remove\":true,\"image\":\"wp-content\\\/uploads\\\/2021-06-19-ruta-botanica-15.jpg\",\"image_box_decoration\":\"mask\",\"image_svg_color\":\"emphasis\",\"image_width\":\"1250\",\"margin\":\"default\",\"parallax_breakpoint\":\"m\",\"parallax_easing\":\"1\",\"parallax_y\":\"50,-150\"}}]},{\"type\":\"column\",\"props\":{\"image_position\":\"center-center\",\"position_sticky_breakpoint\":\"m\",\"vertical_align\":\"middle\",\"width_large\":\"1-2\"},\"children\":[{\"type\":\"headline\",\"props\":{\"animation\":\"parallax\",\"block_align\":\"center\",\"content\":\"DATOS PR\\u00c1CTICOS\",\"maxwidth\":\"xlarge\",\"maxwidth_breakpoint\":\"l\",\"parallax_breakpoint\":\"m\",\"parallax_easing\":\"1\",\"parallax_y\":\"50,-150\",\"title_element\":\"h3\",\"title_style\":\"h1\"}},{\"type\":\"text\",\"props\":{\"animation\":\"parallax\",\"block_align\":\"center\",\"column_breakpoint\":\"m\",\"content\":\"\n\n<h4>PRECIO DE LA ACTIVIDAD:<\\\/h4>\\n\n\n<ul>\\n\n\n<li>Adultos (de 12 a\\u00f1os en adelante): 80 \\u20ac (IVA incluido)<\\\/li>\\n\n\n<li>Ni\\u00f1os (hasta 12 a\\u00f1os): 10 \\u20ac<\\\/li>\\n\n\n<li>Consultar grupos escolares y empresas.<\\\/li>\\n<\\\/ul>\",\"margin\":\"medium\",\"maxwidth\":\"xlarge\",\"maxwidth_breakpoint\":\"l\",\"parallax_breakpoint\":\"m\",\"parallax_easing\":\"1\",\"parallax_y\":\"50,-150\"}},{\"type\":\"accordion\",\"props\":{\"collapsible\":true,\"content_column_breakpoint\":\"m\",\"image_align\":\"top\",\"image_grid_breakpoint\":\"m\",\"image_grid_width\":\"1-2\",\"image_svg_color\":\"emphasis\",\"link_style\":\"default\",\"link_text\":\"Read more\",\"show_image\":true,\"show_link\":true},\"children\":[{\"type\":\"accordion_item\",\"props\":{\"content\":\"\n\n<ul>\\n\n\n<li>Explicaciones por una bi\\u00f3loga, doctora en bot\\u00e1nica.<\\\/li>\\n\n\n<li>Dossier digital sobre la actividad.<\\\/li>\\n\n\n<li>Pr\\u00e1ctica de macrofotograf\\u00eda con tu m\\u00f3vil.<\\\/li>\\n\n\n<li>Env\\u00edo de foto de grupo.<\\\/li>\\n\n\n<li>Seguro de responsabilidad civil.<\\\/li>\\n<\\\/ul>\",\"title\":\"\\u00bfQue incluye?\"}},{\"type\":\"accordion_item\",\"props\":{\"content\":\"\n\n<p>Seg\\u00fan la \\u00e9poca del a\\u00f1o:<\\\/p>\\n\n\n<ul>\\n\n\n<li>Imprescindible botas de monta\\u00f1a o zapatillas de trekking.<\\\/li>\\n\n\n<li>Ropa adecuada, sin olvidar el chubasquero, la crema del sol y el gorro.<\\\/li>\\n\n\n<li>M\\u00f3vil y c\\u00e1mara de fotos.<\\\/li>\\n\n\n<li>Prism\\u00e1ticos.<\\\/li>\\n\n\n<li>Cuaderno y l\\u00e1piz.<\\\/li>\\n\n\n<li>Agua y algo para almorzar a media ma\\u00f1ana.<\\\/li>\\n<\\\/ul>\",\"title\":\"\\u00bfQue te recomendamos llevar?\"}}]}]}]}]},{\"type\":\"section\",\"props\":{\"image_position\":\"center-center\",\"style\":\"default\",\"title_breakpoint\":\"xl\",\"title_position\":\"top-left\",\"title_rotation\":\"left\",\"vertical_align\":\"\",\"width\":\"default\"},\"children\":[{\"type\":\"row\",\"children\":[{\"type\":\"column\",\"props\":{\"image_position\":\"center-center\",\"position_sticky_breakpoint\":\"m\",\"width_medium\":\"1-1\"},\"children\":[{\"type\":\"button\",\"props\":{\"button_size\":\"large\",\"grid_column_gap\":\"small\",\"grid_row_gap\":\"small\",\"margin\":\"default\",\"maxwidth\":\"medium\",\"position\":\"relative\",\"text_align\":\"center\"},\"children\":[{\"type\":\"button_item\",\"props\":{\"button_style\":\"default\",\"content\":\"SOLICITAR FECHA\",\"dialog_layout\":\"modal\",\"dialog_offcanvas_flip\":true,\"icon_align\":\"left\",\"link\":\"https:\\\/\\\/api.whatsapp.com\\\/send?phone=+616542646&text=Hola,%20me%20interesa%20la%20actividad%20%22RUTA%20BOT%C3%81NICA%20POR%20EL%20ESCORIAL%22\"}}]}]}]}]}],\"version\":\"4.5.28\"} --><\/p>\n","protected":false},"excerpt":{"rendered":"<p>SENDERISMO BOT\u00c1NICO EN LA SIERRA DE MADRID BOSQUES M\u00c1GICOS EN EL ESCORIAL Desc\u00fabrelos DESCUBRE LA NATURALEZA QUE RODEA LA SILLA DE FELIPE II PR\u00d3XIMA FECHA: BAJO SOLICITUD. GRUPO M\u00cdNIMO 5 PERSONAS. Una ruta conocida y sencilla para caminar pero que, al ir acompa\u00f1ados de un bot\u00e1nico, cambia totalmente al comprender todas las caracter\u00edsticas naturales de [&hellip;]<\/p>\n","protected":false},"author":1,"featured_media":0,"parent":0,"menu_order":4,"comment_status":"closed","ping_status":"closed","template":"","meta":{"footnotes":""},"class_list":["post-2270","page","type-page","status-publish","hentry"],"_links":{"self":[{"href":"https:\/\/terranatur.es\/web\/wp-json\/wp\/v2\/pages\/2270","targetHints":{"allow":["GET"]}}],"collection":[{"href":"https:\/\/terranatur.es\/web\/wp-json\/wp\/v2\/pages"}],"about":[{"href":"https:\/\/terranatur.es\/web\/wp-json\/wp\/v2\/types\/page"}],"author":[{"embeddable":true,"href":"https:\/\/terranatur.es\/web\/wp-json\/wp\/v2\/users\/1"}],"replies":[{"embeddable":true,"href":"https:\/\/terranatur.es\/web\/wp-json\/wp\/v2\/comments?post=2270"}],"version-history":[{"count":2,"href":"https:\/\/terranatur.es\/web\/wp-json\/wp\/v2\/pages\/2270\/revisions"}],"predecessor-version":[{"id":14435,"href":"https:\/\/terranatur.es\/web\/wp-json\/wp\/v2\/pages\/2270\/revisions\/14435"}],"wp:attachment":[{"href":"https:\/\/terranatur.es\/web\/wp-json\/wp\/v2\/media?parent=2270"}],"curies":[{"name":"wp","href":"https:\/\/api.w.org\/{rel}","templated":true}]}}