{"id":3104,"date":"2025-09-23T09:55:12","date_gmt":"2025-09-23T07:55:12","guid":{"rendered":"https:\/\/terranatur.es\/web\/?page_id=3104"},"modified":"2025-09-23T10:02:05","modified_gmt":"2025-09-23T08:02:05","slug":"ruta-botanica-flora-urbana-en-madrid","status":"publish","type":"page","link":"https:\/\/terranatur.es\/web\/ruta-botanica-flora-urbana-en-madrid\/","title":{"rendered":"Flora urbana en Madrid"},"content":{"rendered":"<div>\u00bfCONOCES LOS \u00c1RBOLES QUE VES?<\/div>\n<h1>SENDA BOT\u00c1NICA POR MADRID<\/h1>\n<p><p>\n        <a href=\"#map\">Desc\u00fabrelas<\/a>\n    <\/p>\n<\/p>\n<p><img decoding=\"async\" src=\"\/web\/wp-content\/uploads\/1240-flora-urbana-01.jpg\" alt=\"\"><\/p>\n<div>\n<h2>POR FIN SABR\u00c1S C\u00d3MO SE LLAMAN<\/h2>\n<div>\n<h4>PR\u00d3XIMA FECHA: BAJO SOLICITUD. GRUPO M\u00cdNIMO 5 PERSONAS.<\/h4>\n<p>Si te apetece conocer y distinguir los \u00e1rboles y arbustos que te rodean, te proponemos un paseo bot\u00e1nico muy especial, por distintos espacios verdes y por las calles de Madrid.<\/p>\n<p>Actividad pensada para cualquier edad. S\u00f3lo es necesario tener curiosidad por las plantas que ves a diario.<\/p>\n<p>\u00bfConoces a alguien que le fascinen las plantas? \u00a1Regala esta actividad tan especial! Disponemos de tarjetas regalo personalizables al comprar la actividad.<\/p>\n<p>\u00a1Que no te asuste la bot\u00e1nica!<\/p>\n<div class=\"uk-child-width-1-2 uk-grid-large\" uk-grid=\"\">\n<div class=\"uk-grid-collapse uk-child-width-1-2@s uk-margin-bottom\" uk-grid=\"\">\n<div style=\"max-width: 80px;\"><img decoding=\"async\" src=\"\/web\/wp-content\/uploads\/trans-alps-about-icon-01.svg\" alt=\"\" uk-svg=\"\" \/><\/div>\n<div class=\"uk-flex uk-flex-center uk-flex-middle\" style=\"max-width: 80px;\">\n<div class=\"uk-h6\">2-3 km<\/div>\n<\/div>\n<\/div>\n<div class=\"uk-grid-collapse uk-child-width-1-2@s uk-margin-bottom\" uk-grid=\"\">\n<div style=\"max-width: 80px;\"><img decoding=\"async\" src=\"\/web\/wp-content\/uploads\/trans-alps-about-icon-02.svg\" alt=\"\" uk-svg=\"\" \/><\/div>\n<div class=\"uk-flex uk-flex-center uk-flex-middle\" style=\"max-width: 80px;\">\n<div class=\"uk-h6\">de 10 a 13 horas<\/div>\n<\/div>\n<\/div>\n<div class=\"uk-grid-collapse uk-child-width-1-2@s uk-margin-bottom\" uk-grid=\"\">\n<div style=\"max-width: 80px;\"><img decoding=\"async\" src=\"\/web\/wp-content\/uploads\/trans-alps-about-icon-03.svg\" alt=\"\" uk-svg=\"\" \/><\/div>\n<div class=\"uk-flex uk-flex-center uk-flex-middle\" style=\"max-width: 80px;\">\n<div class=\"uk-h6\">Llano<\/div>\n<\/div>\n<\/div>\n<div class=\"uk-grid-collapse uk-child-width-1-2@s uk-margin-bottom\" uk-grid=\"\">\n<div style=\"max-width: 80px;\"><img decoding=\"async\" src=\"\/web\/wp-content\/uploads\/trans-alps-about-icon-04.svg\" alt=\"\" uk-svg=\"\" \/><\/div>\n<div class=\"uk-flex uk-flex-center uk-flex-middle\" style=\"max-width: 80px;\">\n<div class=\"uk-h6\">F\u00e1cil<\/div>\n<\/div>\n<\/div>\n<\/div>\n<\/div>\n<\/div>\n<ul>\n<li>\n<\/li>\n<li>\n<p>        <img decoding=\"async\" src=\"\/web\/wp-content\/uploads\/1240-flora-urbana-06.jpg\" alt=\"\"><\/p>\n<\/li>\n<li>\n<p>        <img decoding=\"async\" src=\"\/web\/wp-content\/uploads\/1240-flora-urbana-17.jpg\" alt=\"\"><\/p>\n<\/li>\n<li>\n<p>        <img decoding=\"async\" src=\"\/web\/wp-content\/uploads\/1240-flora-urbana-12.jpg\" alt=\"\"><\/p>\n<\/li>\n<li>\n<p>        <img decoding=\"async\" src=\"\/web\/wp-content\/uploads\/1240-flora-urbana-09.jpg\" alt=\"\"><\/p>\n<\/li>\n<li>\n<p>        <img decoding=\"async\" src=\"\/web\/wp-content\/uploads\/1240-flora-urbana-15.jpg\" alt=\"\"><\/p>\n<\/li>\n<\/ul>\n<div>OBSERVA, APRENDE, DISFRUTA<\/div>\n<h2>\u00bfen qu\u00e9 consiste?<\/h2>\n<div>\n<p>Un paseo por jardines y calles de Madrid en el que nuestra bi\u00f3loga y doctora en bot\u00e1nica explicar\u00e1 de manera clara y accesible los conceptos bot\u00e1nicos b\u00e1sicos (como los tipos de hojas, flores&#8230;), necesarios para distinguir las principales especies ornamentales de la ciudad, as\u00ed como sus nombres, caracter\u00edsticas y curiosidades que ayuden a recordarlas.<\/p>\n<p>Con un poco de pr\u00e1ctica podr\u00e1s reconocer un gran n\u00famero de \u00e1rboles y arbustos que ves todos los d\u00edas.<\/p>\n<\/div>\n<blockquote>\n<p>&#8220;&#8230; el clavel, lindo en color\/y la rosa todo amor;\/el jazm\u00edn de honesto olor,\/la azucena religiosa,\/\u00bfcu\u00e1l es la m\u00e1s hermosa?&#8230;&#8221;<\/p>\n<footer>\n<p>                <cite>Tirso de Molina (1579-1648)<\/cite><\/p>\n<\/footer>\n<\/blockquote>\n<div>\u00bfCU\u00c1NTAS PLANTAS HAS VISTO HOY?<\/div>\n<h2>NUESTRO PASEO BOT\u00c1NICO<\/h2>\n<div>\n<p>40.4315,-3.7268<\/p>\n<\/div>\n<p><img decoding=\"async\" src=\"\/web\/wp-content\/uploads\/1240-flora-urbana-10.jpg\" alt=\"\"><\/p>\n<h3>DATOS PR\u00c1CTICOS<\/h3>\n<div>\n<h4>PRECIO DE LA ACTIVIDAD:<\/h4>\n<ul>\n<li>Adultos: 65 \u20ac (IVA incluido)<\/li>\n<li>Ni\u00f1os (menores de 12 a\u00f1os): 18 \u20ac (IVA incluido)<\/li>\n<\/ul>\n<\/div>\n<ul>\n<li>\n<h3>\u00bfQue incluye?<\/h3>\n<div>\n<ul>\n<li>Explicaciones por una bi\u00f3loga, doctora en bot\u00e1nica.<\/li>\n<li>Dossier digital sobre la actividad.<\/li>\n<li>Pr\u00e1ctica de macrofotograf\u00eda con tu m\u00f3vil.<\/li>\n<li>Env\u00edo de foto de grupo.<\/li>\n<li>Seguro de responsabilidad civil.<\/li>\n<li>Opcional: solicita tu men\u00fa tipo picnic al comprar la actividad (+ 10 \u20ac por persona)<\/li>\n<\/ul>\n<\/div>\n<\/li>\n<li>\n<h3>\u00bfQue te recomendamos llevar?<\/h3>\n<div>\n<p>Seg\u00fan la \u00e9poca del a\u00f1o:<\/p>\n<ul>\n<li>Calzado c\u00f3modo para ciudad.<\/li>\n<li>Chubasquero o paraguas seg\u00fan el tiempo.<\/li>\n<li>Crema de sol y gorro seg\u00fan el tiempo.<\/li>\n<li>M\u00f3vil y c\u00e1mara de fotos.<\/li>\n<li>Cuaderno y l\u00e1piz.<\/li>\n<li>Agua y algo de picar.<\/li>\n<\/ul>\n<\/div>\n<\/li>\n<\/ul>\n<p><p>\n        <a href=\"https:\/\/api.whatsapp.com\/send?phone=+616542646&#038;text=Hola,%20me%20interesa%20la%20actividad%20%22SENDA%20BOT%C3%81NICA%20POR%20MADRID%22\">SOLICITAR FECHA<\/a>\n    <\/p>\n<\/p>\n<p><!--more--><br \/>\n<!-- {\"type\":\"layout\",\"children\":[{\"name\":\"Hero\",\"type\":\"section\",\"props\":{\"height\":\"viewport\",\"height_offset_top\":true,\"image\":\"wp-content\\\/uploads\\\/2000-flora-urbana-14.jpg\",\"image_effect\":\"parallax\",\"image_parallax_bgy\":\"-200,0\",\"image_parallax_breakpoint\":\"m\",\"image_parallax_easing\":\"1\",\"image_position\":\"top-center\",\"image_size\":\"cover\",\"image_width\":\"2560\",\"overlap\":true,\"padding\":\"large\",\"style\":\"default\",\"text_color\":\"light\",\"title\":\"Ruta botanica El Escorial\",\"title_breakpoint\":\"xl\",\"title_position\":\"top-left\",\"title_rotation\":\"left\",\"vertical_align\":\"middle\",\"width\":\"large\"},\"children\":[{\"type\":\"row\",\"children\":[{\"type\":\"column\",\"props\":{\"image_position\":\"center-center\",\"position_sticky_breakpoint\":\"m\",\"width_medium\":\"1-1\"},\"children\":[{\"type\":\"headline\",\"props\":{\"content\":\"\\u00bfCONOCES LOS \\u00c1RBOLES QUE VES?\",\"title_color\":\"background\",\"title_element\":\"div\",\"title_style\":\"h3\"}},{\"type\":\"headline\",\"props\":{\"content\":\"SENDA BOT\\u00c1NICA POR MADRID\",\"margin_remove_top\":true,\"maxwidth\":\"2xlarge\",\"title_element\":\"h1\",\"title_style\":\"heading-xlarge\"}},{\"type\":\"text\",\"props\":{\"column_breakpoint\":\"m\",\"content\":\"\",\"margin\":\"remove-vertical\",\"maxwidth\":\"large\",\"text_color\":\"danger\",\"text_style\":\"lead\"}},{\"type\":\"button\",\"props\":{\"grid_column_gap\":\"small\",\"grid_row_gap\":\"small\",\"margin\":\"default\"},\"children\":[{\"type\":\"button_item\",\"props\":{\"button_style\":\"text\",\"content\":\"Desc\\u00fabrelas\",\"dialog_layout\":\"modal\",\"dialog_offcanvas_flip\":true,\"icon_align\":\"left\",\"link\":\"#map\"}}]}]}]}]},{\"name\":\"CAJA FOTO + LETRERO SOMBREIMPRESO\",\"type\":\"section\",\"props\":{\"image_position\":\"center-center\",\"overlap\":false,\"padding\":\"none\",\"padding_remove_bottom\":false,\"padding_remove_top\":false,\"style\":\"default\",\"title\":\"Domina tu moto de trail\",\"title_breakpoint\":\"xl\",\"title_position\":\"center-right\",\"title_rotation\":\"left\",\"vertical_align\":\"\",\"width\":\"xlarge\"},\"children\":[{\"type\":\"row\",\"props\":{\"column_gap\":\"collapse\",\"layout\":\"1-2,1-2\",\"row_gap\":\"collapse\"},\"children\":[{\"type\":\"column\",\"props\":{\"image_position\":\"center-center\",\"position_sticky_breakpoint\":\"m\",\"vertical_align\":\"middle\",\"width_medium\":\"1-2\"},\"children\":[{\"type\":\"image\",\"props\":{\"animation\":\"parallax\",\"block_align\":\"right\",\"image\":\"wp-content\\\/uploads\\\/1240-flora-urbana-01.jpg\",\"image_box_decoration\":\"default\",\"image_svg_color\":\"emphasis\",\"image_width\":\"600\",\"margin\":\"default\",\"maxwidth\":\"xlarge\",\"parallax_breakpoint\":\"m\",\"parallax_easing\":\"1\",\"parallax_y\":\"-100,-240\",\"text_align\":\"right\",\"visibility\":\"m\"}}]},{\"type\":\"column\",\"props\":{\"image_position\":\"center-center\",\"position_sticky_breakpoint\":\"m\",\"width_medium\":\"1-2\"},\"children\":[{\"type\":\"panel\",\"props\":{\"animation\":\"parallax\",\"content\":\"\n\n<h4>PR\\u00d3XIMA FECHA: BAJO SOLICITUD. GRUPO M\\u00cdNIMO 5 PERSONAS.<\\\/h4>\\n\n\n<p>Si te apetece conocer y distinguir los \\u00e1rboles y arbustos que te rodean, te proponemos un paseo bot\\u00e1nico muy especial, por distintos espacios verdes y por las calles de Madrid.<\\\/p>\\n\n\n<p>Actividad pensada para cualquier edad. S\\u00f3lo es necesario tener curiosidad por las plantas que ves a diario.<\\\/p>\\n\n\n<p>\\u00bfConoces a alguien que le fascinen las plantas? \\u00a1Regala esta actividad tan especial! Disponemos de tarjetas regalo personalizables al comprar la actividad.<\\\/p>\\n\n\n<p>\\u00a1Que no te asuste la bot\\u00e1nica!<\\\/p>\\n\n\n<div class=\\\"uk-child-width-1-2 uk-grid-large\\\" uk-grid=\\\"\\\">\\n\n\n<div class=\\\"uk-grid-collapse uk-child-width-1-2@s uk-margin-bottom\\\" uk-grid=\\\"\\\">\\n\n\n<div style=\\\"max-width: 80px;\\\"><img src=\\\"wp-content\\\/uploads\\\/trans-alps-about-icon-01.svg\\\" alt=\\\"\\\" uk-svg=\\\"\\\" \\\/><\\\/div>\\n\n\n<div class=\\\"uk-flex uk-flex-center uk-flex-middle\\\" style=\\\"max-width: 80px;\\\">\\n\n\n<div class=\\\"uk-h6\\\">2-3 km<\\\/div>\\n<\\\/div>\\n<\\\/div>\\n\n\n<div class=\\\"uk-grid-collapse uk-child-width-1-2@s uk-margin-bottom\\\" uk-grid=\\\"\\\">\\n\n\n<div style=\\\"max-width: 80px;\\\"><img src=\\\"wp-content\\\/uploads\\\/trans-alps-about-icon-02.svg\\\" alt=\\\"\\\" uk-svg=\\\"\\\" \\\/><\\\/div>\\n\n\n<div class=\\\"uk-flex uk-flex-center uk-flex-middle\\\" style=\\\"max-width: 80px;\\\">\\n\n\n<div class=\\\"uk-h6\\\">de 10 a 13 horas<\\\/div>\\n<\\\/div>\\n<\\\/div>\\n\n\n<div class=\\\"uk-grid-collapse uk-child-width-1-2@s uk-margin-bottom\\\" uk-grid=\\\"\\\">\\n\n\n<div style=\\\"max-width: 80px;\\\"><img src=\\\"wp-content\\\/uploads\\\/trans-alps-about-icon-03.svg\\\" alt=\\\"\\\" uk-svg=\\\"\\\" \\\/><\\\/div>\\n\n\n<div class=\\\"uk-flex uk-flex-center uk-flex-middle\\\" style=\\\"max-width: 80px;\\\">\\n\n\n<div class=\\\"uk-h6\\\">Llano<\\\/div>\\n<\\\/div>\\n<\\\/div>\\n\n\n<div class=\\\"uk-grid-collapse uk-child-width-1-2@s uk-margin-bottom\\\" uk-grid=\\\"\\\">\\n\n\n<div style=\\\"max-width: 80px;\\\"><img src=\\\"wp-content\\\/uploads\\\/trans-alps-about-icon-04.svg\\\" alt=\\\"\\\" uk-svg=\\\"\\\" \\\/><\\\/div>\\n\n\n<div class=\\\"uk-flex uk-flex-center uk-flex-middle\\\" style=\\\"max-width: 80px;\\\">\\n\n\n<div class=\\\"uk-h6\\\">F\\u00e1cil<\\\/div>\\n<\\\/div>\\n<\\\/div>\\n<\\\/div>\",\"content_column_breakpoint\":\"m\",\"css\":\"@media (max-width: 959px) {\\n    .el-element { position: static !important; }\\n}\",\"icon_width\":80,\"image_align\":\"top\",\"image_grid_breakpoint\":\"m\",\"image_grid_width\":\"1-2\",\"image_svg_color\":\"emphasis\",\"link_style\":\"default\",\"link_text\":\"Read more\",\"margin\":\"\",\"maxwidth\":\"xlarge\",\"maxwidth_breakpoint\":\"l\",\"meta\":\"\",\"meta_align\":\"below-title\",\"meta_element\":\"div\",\"meta_style\":\"text-meta\",\"panel_padding\":\"large\",\"panel_style\":\"card-default\",\"parallax_breakpoint\":\"m\",\"parallax_easing\":\"1\",\"parallax_y\":\"-200,0\",\"position\":\"relative\",\"position_left\":\"-50\",\"text_align\":\"left\",\"title\":\"POR FIN SABR\\u00c1S C\\u00d3MO SE LLAMAN\",\"title_align\":\"top\",\"title_element\":\"h2\",\"title_grid_breakpoint\":\"m\",\"title_grid_width\":\"1-2\",\"title_hover_style\":\"reset\",\"title_style\":\"h1\"}}]}]}]},{\"name\":\"Highlights\",\"type\":\"section\",\"props\":{\"image_position\":\"center-center\",\"padding\":\"large\",\"padding_remove_bottom\":false,\"padding_remove_top\":false,\"style\":\"default\",\"title\":\"Rutas & aventura\",\"title_breakpoint\":\"xl\",\"title_position\":\"center-left\",\"title_rotation\":\"left\",\"vertical_align\":\"\",\"width\":\"xlarge\",\"width_expand\":\"right\"},\"children\":[{\"type\":\"row\",\"props\":{\"column_gap\":\"large\",\"layout\":\"1-2,1-2\",\"row_gap\":\"large\"},\"children\":[{\"type\":\"column\",\"props\":{\"image_position\":\"center-center\",\"position_sticky_breakpoint\":\"m\",\"vertical_align\":\"middle\",\"width_large\":\"1-2\"},\"children\":[{\"type\":\"slideshow\",\"props\":{\"animation\":\"parallax\",\"container_padding_remove\":true,\"image_width\":\"1250\",\"link_style\":\"default\",\"link_text\":\"Read more\",\"margin\":\"default\",\"meta_align\":\"below-title\",\"meta_element\":\"div\",\"meta_style\":\"text-meta\",\"nav\":\"\",\"nav_align\":\"center\",\"nav_breakpoint\":\"\",\"nav_position\":\"bottom-center\",\"nav_position_margin\":\"large\",\"overlay_animation\":\"parallax\",\"overlay_position\":\"center-left\",\"parallax_breakpoint\":\"m\",\"parallax_easing\":\"1\",\"parallax_y\":\"50,-150\",\"show_content\":true,\"show_link\":true,\"show_meta\":true,\"show_thumbnail\":true,\"show_title\":true,\"slidenav\":\"\",\"slidenav_breakpoint\":\"s\",\"slidenav_margin\":\"medium\",\"slidenav_outside_breakpoint\":\"xl\",\"slideshow_animation\":\"fade\",\"slideshow_autoplay\":true,\"slideshow_autoplay_interval\":\"3\",\"slideshow_autoplay_pause\":true,\"slideshow_box_decoration\":\"mask\",\"slideshow_min_height\":300,\"slideshow_ratio\":\"16:11\",\"thumbnav_height\":\"65\",\"thumbnav_nowrap\":true,\"thumbnav_svg_color\":\"emphasis\",\"thumbnav_width\":\"100\",\"title_element\":\"h3\",\"title_hover_style\":\"reset\"},\"children\":[{\"type\":\"slideshow_item\"},{\"type\":\"slideshow_item\",\"props\":{\"image\":\"wp-content\\\/uploads\\\/1240-flora-urbana-06.jpg\",\"title\":\"\"}},{\"type\":\"slideshow_item\",\"props\":{\"image\":\"wp-content\\\/uploads\\\/1240-flora-urbana-17.jpg\",\"title\":\"\"}},{\"type\":\"slideshow_item\",\"props\":{\"image\":\"wp-content\\\/uploads\\\/1240-flora-urbana-12.jpg\",\"title\":\"\"}},{\"type\":\"slideshow_item\",\"props\":{\"image\":\"wp-content\\\/uploads\\\/1240-flora-urbana-09.jpg\",\"title\":\"\"}},{\"type\":\"slideshow_item\",\"props\":{\"image\":\"wp-content\\\/uploads\\\/1240-flora-urbana-15.jpg\"}}]}]},{\"type\":\"column\",\"props\":{\"image_position\":\"center-center\",\"order_first\":\"l\",\"position_sticky_breakpoint\":\"m\",\"vertical_align\":\"middle\",\"width_large\":\"1-2\"},\"children\":[{\"type\":\"headline\",\"props\":{\"animation\":\"parallax\",\"block_align\":\"center\",\"content\":\"OBSERVA, APRENDE, DISFRUTA\",\"maxwidth\":\"xlarge\",\"maxwidth_breakpoint\":\"l\",\"parallax_breakpoint\":\"m\",\"parallax_easing\":\"1\",\"parallax_y\":\"50,-150\",\"title_color\":\"primary\",\"title_element\":\"div\",\"title_style\":\"h4\"}},{\"type\":\"headline\",\"props\":{\"animation\":\"parallax\",\"block_align\":\"center\",\"content\":\"\\u00bfen qu\\u00e9 consiste?\",\"margin_remove_top\":true,\"maxwidth\":\"xlarge\",\"maxwidth_breakpoint\":\"l\",\"parallax_breakpoint\":\"m\",\"parallax_easing\":\"1\",\"parallax_y\":\"50,-150\",\"title_element\":\"h2\",\"title_style\":\"heading-large\"}},{\"type\":\"text\",\"props\":{\"animation\":\"parallax\",\"block_align\":\"center\",\"column_breakpoint\":\"m\",\"content\":\"\n\n<p>Un paseo por jardines y calles de Madrid en el que nuestra bi\\u00f3loga y doctora en bot\\u00e1nica explicar\\u00e1 de manera clara y accesible los conceptos bot\\u00e1nicos b\\u00e1sicos (como los tipos de hojas, flores...), necesarios para distinguir las principales especies ornamentales de la ciudad, as\\u00ed como sus nombres, caracter\\u00edsticas y curiosidades que ayuden a recordarlas.<\\\/p>\\n\n\n<p>Con un poco de pr\\u00e1ctica podr\\u00e1s reconocer un gran n\\u00famero de \\u00e1rboles y arbustos que ves todos los d\\u00edas.<\\\/p>\",\"margin\":\"medium\",\"maxwidth\":\"xlarge\",\"maxwidth_breakpoint\":\"l\",\"parallax_breakpoint\":\"m\",\"parallax_easing\":\"1\",\"parallax_y\":\"50,-150\"}},{\"type\":\"quotation\",\"props\":{\"animation\":\"parallax\",\"author\":\"Tirso de Molina (1579-1648)\",\"block_align\":\"center\",\"content\":\"\n\n<p>\\\"... el clavel, lindo en color\\\/y la rosa todo amor;\\\/el jazm\\u00edn de honesto olor,\\\/la azucena religiosa,\\\/\\u00bfcu\\u00e1l es la m\\u00e1s hermosa?...\\\"<\\\/p>\",\"maxwidth\":\"xlarge\",\"maxwidth_breakpoint\":\"l\",\"parallax_breakpoint\":\"m\",\"parallax_easing\":\"1\",\"parallax_y\":\"50,-150\"}}]}]}]},{\"name\":\"Map\",\"type\":\"section\",\"props\":{\"id\":\"map\",\"image_position\":\"center-center\",\"overlap\":false,\"padding_remove_bottom\":true,\"padding_remove_top\":false,\"style\":\"default\",\"title_breakpoint\":\"xl\",\"title_position\":\"top-left\",\"title_rotation\":\"left\",\"vertical_align\":\"\",\"width\":\"\"},\"children\":[{\"type\":\"row\",\"props\":{\"margin\":\"remove-vertical\",\"width\":\"large\"},\"children\":[{\"type\":\"column\",\"props\":{\"css\":\"@media (min-width: 960px) {\\n    \\n    .el-column { z-index: 2; }\\n    \\n}\",\"image_position\":\"center-center\",\"position_sticky_breakpoint\":\"m\",\"width_medium\":\"1-1\"},\"children\":[{\"type\":\"headline\",\"props\":{\"content\":\"\\u00bfCU\\u00c1NTAS PLANTAS HAS VISTO HOY?\",\"text_align\":\"center\",\"title_color\":\"primary\",\"title_element\":\"div\",\"title_style\":\"h4\"}},{\"type\":\"headline\",\"props\":{\"content\":\"NUESTRO PASEO BOT\\u00c1NICO\",\"margin\":\"medium\",\"text_align\":\"center\",\"title_element\":\"h2\",\"title_style\":\"heading-large\"}}]}]},{\"type\":\"row\",\"props\":{\"margin\":\"default\",\"margin_remove_bottom\":false},\"children\":[{\"type\":\"column\",\"props\":{\"image_position\":\"center-center\",\"position_sticky_breakpoint\":\"m\",\"width_medium\":\"1-1\"},\"children\":[{\"type\":\"map\",\"props\":{\"animation\":\"parallax\",\"controls\":true,\"dragging\":false,\"height\":\"500\",\"image_svg_color\":\"emphasis\",\"link_style\":\"default\",\"link_text\":\"Read more\",\"margin\":\"\",\"max_zoom\":18,\"meta_align\":\"below-title\",\"meta_element\":\"div\",\"meta_style\":\"text-meta\",\"min_zoom\":0,\"parallax_breakpoint\":\"m\",\"parallax_easing\":\"1\",\"parallax_y\":\"-80,-40\",\"poi\":false,\"show_content\":true,\"show_image\":true,\"show_link\":true,\"show_meta\":true,\"show_title\":true,\"styler_lightness\":\"50\",\"styler_saturation\":\"-100\",\"title_element\":\"h3\",\"title_hover_style\":\"reset\",\"type\":\"roadmap\",\"zoom\":15,\"zooming\":true},\"children\":[{\"type\":\"map_item\",\"props\":{\"location\":\"40.4315,-3.7268\"}}]}]}]}]},{\"name\":\"Journal\",\"type\":\"section\",\"props\":{\"image_position\":\"center-center\",\"padding\":\"none\",\"style\":\"default\",\"title_breakpoint\":\"xl\",\"title_position\":\"top-left\",\"title_rotation\":\"left\",\"vertical_align\":\"\",\"width\":\"xlarge\",\"width_expand\":\"left\",\"width_expand_left\":true,\"width_expand_padding_remove\":true},\"children\":[{\"type\":\"row\",\"props\":{\"divider\":false,\"layout\":\"1-2,1-2\"},\"children\":[{\"type\":\"column\",\"props\":{\"image_position\":\"center-center\",\"position_sticky_breakpoint\":\"m\",\"width_large\":\"1-2\"},\"children\":[{\"type\":\"image\",\"props\":{\"animation\":\"parallax\",\"container_padding_remove\":true,\"image\":\"wp-content\\\/uploads\\\/1240-flora-urbana-10.jpg\",\"image_box_decoration\":\"mask\",\"image_svg_color\":\"emphasis\",\"image_width\":\"1250\",\"margin\":\"default\",\"parallax_breakpoint\":\"m\",\"parallax_easing\":\"1\",\"parallax_y\":\"50,-150\"}}]},{\"type\":\"column\",\"props\":{\"image_position\":\"center-center\",\"position_sticky_breakpoint\":\"m\",\"vertical_align\":\"middle\",\"width_large\":\"1-2\"},\"children\":[{\"type\":\"headline\",\"props\":{\"animation\":\"parallax\",\"block_align\":\"center\",\"content\":\"DATOS PR\\u00c1CTICOS\",\"maxwidth\":\"xlarge\",\"maxwidth_breakpoint\":\"l\",\"parallax_breakpoint\":\"m\",\"parallax_easing\":\"1\",\"parallax_y\":\"50,-150\",\"title_element\":\"h3\",\"title_style\":\"h1\"}},{\"type\":\"text\",\"props\":{\"animation\":\"parallax\",\"block_align\":\"center\",\"column_breakpoint\":\"m\",\"content\":\"\n\n<h4>PRECIO DE LA ACTIVIDAD:<\\\/h4>\\n\n\n<ul>\\n\n\n<li>Adultos: 65 \\u20ac (IVA incluido)<\\\/li>\\n\n\n<li>Ni\\u00f1os (menores de 12 a\\u00f1os): 18 \\u20ac (IVA incluido)<\\\/li>\\n<\\\/ul>\",\"margin\":\"medium\",\"maxwidth\":\"xlarge\",\"maxwidth_breakpoint\":\"l\",\"parallax_breakpoint\":\"m\",\"parallax_easing\":\"1\",\"parallax_y\":\"50,-150\"}},{\"type\":\"accordion\",\"props\":{\"collapsible\":true,\"content_column_breakpoint\":\"m\",\"image_align\":\"top\",\"image_grid_breakpoint\":\"m\",\"image_grid_width\":\"1-2\",\"image_svg_color\":\"emphasis\",\"link_style\":\"default\",\"link_text\":\"Read more\",\"show_image\":true,\"show_link\":true},\"children\":[{\"type\":\"accordion_item\",\"props\":{\"content\":\"\n\n<ul>\\n\n\n<li>Explicaciones por una bi\\u00f3loga, doctora en bot\\u00e1nica.<\\\/li>\\n\n\n<li>Dossier digital sobre la actividad.<\\\/li>\\n\n\n<li>Pr\\u00e1ctica de macrofotograf\\u00eda con tu m\\u00f3vil.<\\\/li>\\n\n\n<li>Env\\u00edo de foto de grupo.<\\\/li>\\n\n\n<li>Seguro de responsabilidad civil.<\\\/li>\\n\n\n<li>Opcional: solicita tu men\\u00fa tipo picnic al comprar la actividad (+ 10 \\u20ac por persona)<\\\/li>\\n<\\\/ul>\",\"title\":\"\\u00bfQue incluye?\"}},{\"type\":\"accordion_item\",\"props\":{\"content\":\"\n\n<p>Seg\\u00fan la \\u00e9poca del a\\u00f1o:<\\\/p>\\n\n\n<ul>\\n\n\n<li>Calzado c\\u00f3modo para ciudad.<\\\/li>\\n\n\n<li>Chubasquero o paraguas seg\\u00fan el tiempo.<\\\/li>\\n\n\n<li>Crema de sol y gorro seg\\u00fan el tiempo.<\\\/li>\\n\n\n<li>M\\u00f3vil y c\\u00e1mara de fotos.<\\\/li>\\n\n\n<li>Cuaderno y l\\u00e1piz.<\\\/li>\\n\n\n<li>Agua y algo de picar.<\\\/li>\\n<\\\/ul>\",\"title\":\"\\u00bfQue te recomendamos llevar?\"}}]}]}]}]},{\"type\":\"section\",\"props\":{\"image_position\":\"center-center\",\"style\":\"default\",\"title_breakpoint\":\"xl\",\"title_position\":\"top-left\",\"title_rotation\":\"left\",\"vertical_align\":\"\",\"width\":\"default\"},\"children\":[{\"type\":\"row\",\"children\":[{\"type\":\"column\",\"props\":{\"image_position\":\"center-center\",\"position_sticky_breakpoint\":\"m\",\"width_medium\":\"1-1\"},\"children\":[{\"type\":\"button\",\"props\":{\"button_size\":\"large\",\"grid_column_gap\":\"small\",\"grid_row_gap\":\"small\",\"margin\":\"default\",\"maxwidth\":\"medium\",\"position\":\"relative\",\"text_align\":\"center\"},\"children\":[{\"type\":\"button_item\",\"props\":{\"button_style\":\"default\",\"content\":\"SOLICITAR FECHA\",\"dialog_layout\":\"modal\",\"dialog_offcanvas_flip\":true,\"icon_align\":\"left\",\"link\":\"https:\\\/\\\/api.whatsapp.com\\\/send?phone=+616542646&text=Hola,%20me%20interesa%20la%20actividad%20%22SENDA%20BOT%C3%81NICA%20POR%20MADRID%22\"}}]}]}]}]}],\"version\":\"4.5.28\"} --><\/p>\n","protected":false},"excerpt":{"rendered":"<p>\u00bfCONOCES LOS \u00c1RBOLES QUE VES? SENDA BOT\u00c1NICA POR MADRID Desc\u00fabrelas POR FIN SABR\u00c1S C\u00d3MO SE LLAMAN PR\u00d3XIMA FECHA: BAJO SOLICITUD. GRUPO M\u00cdNIMO 5 PERSONAS. Si te apetece conocer y distinguir los \u00e1rboles y arbustos que te rodean, te proponemos un paseo bot\u00e1nico muy especial, por distintos espacios verdes y por las calles de Madrid. Actividad [&hellip;]<\/p>\n","protected":false},"author":4,"featured_media":0,"parent":0,"menu_order":4,"comment_status":"closed","ping_status":"closed","template":"","meta":{"footnotes":""},"class_list":["post-3104","page","type-page","status-publish","hentry"],"_links":{"self":[{"href":"https:\/\/terranatur.es\/web\/wp-json\/wp\/v2\/pages\/3104","targetHints":{"allow":["GET"]}}],"collection":[{"href":"https:\/\/terranatur.es\/web\/wp-json\/wp\/v2\/pages"}],"about":[{"href":"https:\/\/terranatur.es\/web\/wp-json\/wp\/v2\/types\/page"}],"author":[{"embeddable":true,"href":"https:\/\/terranatur.es\/web\/wp-json\/wp\/v2\/users\/4"}],"replies":[{"embeddable":true,"href":"https:\/\/terranatur.es\/web\/wp-json\/wp\/v2\/comments?post=3104"}],"version-history":[{"count":4,"href":"https:\/\/terranatur.es\/web\/wp-json\/wp\/v2\/pages\/3104\/revisions"}],"predecessor-version":[{"id":14438,"href":"https:\/\/terranatur.es\/web\/wp-json\/wp\/v2\/pages\/3104\/revisions\/14438"}],"wp:attachment":[{"href":"https:\/\/terranatur.es\/web\/wp-json\/wp\/v2\/media?parent=3104"}],"curies":[{"name":"wp","href":"https:\/\/api.w.org\/{rel}","templated":true}]}}