{"id":12826,"date":"2024-11-24T10:25:31","date_gmt":"2024-11-24T09:25:31","guid":{"rendered":"https:\/\/terranatur.es\/web\/?post_type=product&#038;p=12826"},"modified":"2025-11-12T20:03:48","modified_gmt":"2025-11-12T19:03:48","slug":"reserva-viaje-algarve-4x4-y-alentejo-portugues","status":"publish","type":"product","link":"https:\/\/terranatur.es\/web\/comprar\/reserva-viaje-algarve-4x4-y-alentejo-portugues\/","title":{"rendered":"Reserva viaje Algarve 4&#215;4 y Alentejo Portugal"},"content":{"rendered":"<p>La compra de esta reserva permite participar en la salida &#8220;ALGARVE 4X4 Y ALENTEJO. PORTUGAL&#8221;. Es suficiente una \u00fanica reserva por unidad familiar o pareja.<\/p>\n<p><a href=\"https:\/\/terranatur.es\/web\/algarve-alentejo-portugal4x4\/\"><strong>A<\/strong><strong>qu\u00ed puedes ver la p\u00e1gina con toda la informaci\u00f3n sobre este viaje y la pr\u00f3xima fecha disponible.<\/strong><\/a><\/p>\n<p>En el proceso de compra, por favor, incluye en el campo libre de informaci\u00f3n quien viene contigo, si traes ni\u00f1os y sus edades, y el veh\u00edculo que llevar\u00e1s. El resto del viaje se paga d\u00edas antes por transferencia. Consulta el pago en efectivo.<\/p>\n<p>\u00a1Muchas gracias por tu reserva!<\/p>\n<p>Estamos deseando verte en persona.<\/p>\n","protected":false},"excerpt":{"rendered":"<p>Viaje 4&#215;4 grupal al Sur de Portugal con Terranatur.<\/p>\n","protected":false},"featured_media":12825,"comment_status":"closed","ping_status":"closed","template":"","meta":[],"product_brand":[],"product_cat":[211],"product_tag":[],"class_list":{"0":"post-12826","1":"product","2":"type-product","3":"status-publish","4":"has-post-thumbnail","6":"product_cat-fines-de-semana-4x4","8":"first","9":"outofstock","10":"sold-individually","11":"taxable","12":"shipping-taxable","13":"purchasable","14":"product-type-variable"},"_links":{"self":[{"href":"https:\/\/terranatur.es\/web\/wp-json\/wp\/v2\/product\/12826","targetHints":{"allow":["GET"]}}],"collection":[{"href":"https:\/\/terranatur.es\/web\/wp-json\/wp\/v2\/product"}],"about":[{"href":"https:\/\/terranatur.es\/web\/wp-json\/wp\/v2\/types\/product"}],"replies":[{"embeddable":true,"href":"https:\/\/terranatur.es\/web\/wp-json\/wp\/v2\/comments?post=12826"}],"wp:featuredmedia":[{"embeddable":true,"href":"https:\/\/terranatur.es\/web\/wp-json\/wp\/v2\/media\/12825"}],"wp:attachment":[{"href":"https:\/\/terranatur.es\/web\/wp-json\/wp\/v2\/media?parent=12826"}],"wp:term":[{"taxonomy":"product_brand","embeddable":true,"href":"https:\/\/terranatur.es\/web\/wp-json\/wp\/v2\/product_brand?post=12826"},{"taxonomy":"product_cat","embeddable":true,"href":"https:\/\/terranatur.es\/web\/wp-json\/wp\/v2\/product_cat?post=12826"},{"taxonomy":"product_tag","embeddable":true,"href":"https:\/\/terranatur.es\/web\/wp-json\/wp\/v2\/product_tag?post=12826"}],"curies":[{"name":"wp","href":"https:\/\/api.w.org\/{rel}","templated":true}]}}