{"id":13367,"date":"2025-02-04T23:39:53","date_gmt":"2025-02-04T22:39:53","guid":{"rendered":"https:\/\/terranatur.es\/web\/?post_type=product&#038;p=13367"},"modified":"2025-11-12T20:03:47","modified_gmt":"2025-11-12T19:03:47","slug":"reserva-islandia-4x4-overland","status":"publish","type":"product","link":"https:\/\/terranatur.es\/web\/comprar\/reserva-islandia-4x4-overland\/","title":{"rendered":"RESERVA ISLANDIA 4X4 OVERLAND"},"content":{"rendered":"<p>Rellenar este formulario permite reservar plazas para participar en la expedici\u00f3n \u00ab<strong>ISLANDIA 4X4 OVERLAND<\/strong>\u00bb<\/p>\n<p>Se realiza una reserva por viajero. La finalidad es contratar cuanto antes el seguro de viaje con causas de cancelaci\u00f3n, los billetes de avi\u00f3n y asegurar los veh\u00edculos 4&#215;4 de alquiler ante la enorme demanda de viajes a Islandia.<\/p>\n<p>En el proceso de reserva, podr\u00e1s elegir la duraci\u00f3n del viaje (11 o 16 d\u00edas).<\/p>\n<p><a href=\"https:\/\/terranatur.es\/web\/islandia-4x4\/\"><strong>A<\/strong><strong>qu\u00ed puedes ver la p\u00e1gina con toda la informaci\u00f3n sobre este viaje 4&#215;4<\/strong><\/a><\/p>\n<p>En el proceso de reserva, por favor, incluye en el campo libre de informaci\u00f3n qui\u00e9n viene contigo, si traes ni\u00f1os y sus edades. El viaje se terminar\u00e1 de abonar en dos o m\u00e1s pagos m\u00e1s antes de la fecha de salida mediante transferencia bancaria.<\/p>\n<p>Una vez reserves, contactaremos contigo para obtener cuanto antes los billetes de avi\u00f3n y evitar recargos.<\/p>\n<p>\u00a1Muchas gracias por tu reserva! Estamos deseando contar contigo.<\/p>\n","protected":false},"excerpt":{"rendered":"<p>Rellenar este formulario permite reservar plazas para participar en la expedici\u00f3n \u00abISLANDIA 4X4 OVERLAND\u00bb Se realiza una reserva por viajero. La finalidad es contratar cuanto antes el seguro de viaje con causas de cancelaci\u00f3n, los billetes de avi\u00f3n y asegurar los veh\u00edculos 4&#215;4 de alquiler ante la enorme demanda de viajes a Islandia. En el [&hellip;]<\/p>\n","protected":false},"featured_media":13370,"comment_status":"open","ping_status":"closed","template":"","meta":[],"product_brand":[],"product_cat":[99],"product_tag":[111,105,157,445,430,156,447,143,97,446],"class_list":{"0":"post-13367","1":"product","2":"type-product","3":"status-publish","4":"has-post-thumbnail","6":"product_cat-vacaciones-4x4","7":"product_tag-4x4","8":"product_tag-aventura","9":"product_tag-cascadas","10":"product_tag-islandia","11":"product_tag-leon","12":"product_tag-paisajes","13":"product_tag-reikiavik","14":"product_tag-rutas-4x4","15":"product_tag-todoterreno","16":"product_tag-vadeos","18":"first","19":"outofstock","20":"taxable","21":"shipping-taxable","22":"purchasable","23":"product-type-variable"},"_links":{"self":[{"href":"https:\/\/terranatur.es\/web\/wp-json\/wp\/v2\/product\/13367","targetHints":{"allow":["GET"]}}],"collection":[{"href":"https:\/\/terranatur.es\/web\/wp-json\/wp\/v2\/product"}],"about":[{"href":"https:\/\/terranatur.es\/web\/wp-json\/wp\/v2\/types\/product"}],"replies":[{"embeddable":true,"href":"https:\/\/terranatur.es\/web\/wp-json\/wp\/v2\/comments?post=13367"}],"wp:featuredmedia":[{"embeddable":true,"href":"https:\/\/terranatur.es\/web\/wp-json\/wp\/v2\/media\/13370"}],"wp:attachment":[{"href":"https:\/\/terranatur.es\/web\/wp-json\/wp\/v2\/media?parent=13367"}],"wp:term":[{"taxonomy":"product_brand","embeddable":true,"href":"https:\/\/terranatur.es\/web\/wp-json\/wp\/v2\/product_brand?post=13367"},{"taxonomy":"product_cat","embeddable":true,"href":"https:\/\/terranatur.es\/web\/wp-json\/wp\/v2\/product_cat?post=13367"},{"taxonomy":"product_tag","embeddable":true,"href":"https:\/\/terranatur.es\/web\/wp-json\/wp\/v2\/product_tag?post=13367"}],"curies":[{"name":"wp","href":"https:\/\/api.w.org\/{rel}","templated":true}]}}