{"id":5860,"date":"2021-08-20T13:30:14","date_gmt":"2021-08-20T11:30:14","guid":{"rendered":"https:\/\/terranatur.es\/web\/?post_type=product&#038;p=5860"},"modified":"2026-04-01T09:39:35","modified_gmt":"2026-04-01T07:39:35","slug":"ticket-reserva-curso-supervivencia","status":"publish","type":"product","link":"https:\/\/terranatur.es\/web\/comprar\/ticket-reserva-curso-supervivencia\/","title":{"rendered":"CURSO SUPERVIVENCIA. RESERVA DE PLAZA"},"content":{"rendered":"<p>Reserva y anticipo por un curso de supervivencia. A\u00f1ade una reserva por cada participante. El resto del pago se realiza all\u00ed mismo a la llegada.<\/p>\n<p>Si has entrado directamente en esta p\u00e1gina, puedes ver m\u00e1s informaci\u00f3n sobre <a href=\"https:\/\/terranatur.es\/web\/escuela-de-supervivencia-cursos\/\">el Curso B\u00e1sico de Supervivencia <strong>aqu\u00ed<\/strong><\/a><strong>.<\/strong><\/p>\n<p>Este es un magn\u00edfico regalo para todos los amantes de la vida al aire libre, viajeros, aventureros, campistas, amantes de los viajes en furgoneta o autocaravana, overlanders&#8230;<\/p>\n<p>Si optas por dormir en caba\u00f1a, cuenta con la necesidad de desplazarte hasta all\u00ed varios kil\u00f3metros y asumir el cobro de ese servicio (consulta).<\/p>\n","protected":false},"excerpt":{"rendered":"<p>Reserva y anticipo por un curso de supervivencia. A\u00f1ade una reserva por cada participante. El resto del pago se realiza all\u00ed mismo a la llegada. Si has entrado directamente en esta p\u00e1gina, puedes ver m\u00e1s informaci\u00f3n sobre el Curso B\u00e1sico de Supervivencia aqu\u00ed. Este es un magn\u00edfico regalo para todos los amantes de la vida [&hellip;]<\/p>\n","protected":false},"featured_media":5859,"comment_status":"closed","ping_status":"closed","template":"","meta":[],"product_brand":[],"product_cat":[285],"product_tag":[],"class_list":{"0":"post-5860","1":"product","2":"type-product","3":"status-publish","4":"has-post-thumbnail","6":"product_cat-cursos-en-la-naturaleza","8":"first","9":"instock","10":"taxable","11":"shipping-taxable","12":"purchasable","13":"product-type-variable"},"_links":{"self":[{"href":"https:\/\/terranatur.es\/web\/wp-json\/wp\/v2\/product\/5860","targetHints":{"allow":["GET"]}}],"collection":[{"href":"https:\/\/terranatur.es\/web\/wp-json\/wp\/v2\/product"}],"about":[{"href":"https:\/\/terranatur.es\/web\/wp-json\/wp\/v2\/types\/product"}],"replies":[{"embeddable":true,"href":"https:\/\/terranatur.es\/web\/wp-json\/wp\/v2\/comments?post=5860"}],"wp:featuredmedia":[{"embeddable":true,"href":"https:\/\/terranatur.es\/web\/wp-json\/wp\/v2\/media\/5859"}],"wp:attachment":[{"href":"https:\/\/terranatur.es\/web\/wp-json\/wp\/v2\/media?parent=5860"}],"wp:term":[{"taxonomy":"product_brand","embeddable":true,"href":"https:\/\/terranatur.es\/web\/wp-json\/wp\/v2\/product_brand?post=5860"},{"taxonomy":"product_cat","embeddable":true,"href":"https:\/\/terranatur.es\/web\/wp-json\/wp\/v2\/product_cat?post=5860"},{"taxonomy":"product_tag","embeddable":true,"href":"https:\/\/terranatur.es\/web\/wp-json\/wp\/v2\/product_tag?post=5860"}],"curies":[{"name":"wp","href":"https:\/\/api.w.org\/{rel}","templated":true}]}}