{"id":8218,"date":"2022-03-26T22:37:12","date_gmt":"2022-03-26T21:37:12","guid":{"rendered":"https:\/\/terranatur.es\/web\/?post_type=product&#038;p=8218"},"modified":"2026-03-22T21:07:18","modified_gmt":"2026-03-22T20:07:18","slug":"reserva-portugal-4x4-duero","status":"publish","type":"product","link":"https:\/\/terranatur.es\/web\/comprar\/reserva-portugal-4x4-duero\/","title":{"rendered":"RESERVA DOURO 4X4 PORTUGU\u00c9S. PUENTE DE MAYO"},"content":{"rendered":"<p>La compra de este t\u00edcket, permite reservar plaza para participar en la salida &#8220;Douro 4&#215;4 Portugu\u00e9s. Arribes del Duero&#8221;.<\/p>\n<p>Es suficiente una \u00fanica reserva por unidad familiar o pareja.<\/p>\n<p><a href=\"https:\/\/terranatur.es\/web\/portugal-4x4-duero-arribes\/\"><strong>A<\/strong><strong>qu\u00ed puedes ver la p\u00e1gina con toda la informaci\u00f3n sobre este viaje y la pr\u00f3xima fecha disponible.<\/strong><\/a><\/p>\n<p>En el proceso de compra, por favor, incluye en el campo libre de informaci\u00f3n quien viene contigo, si traes ni\u00f1os y sus edades, y el veh\u00edculo que llevar\u00e1s. El resto del viaje se paga al llegar (en efectivo preferentemente, o con Bizum en su lugar).<\/p>\n<p>\u00a1Muchas gracias por tu reserva! Estamos deseando verte en persona.<\/p>\n","protected":false},"excerpt":{"rendered":"<p>La compra de este t\u00edcket, permite reservar plaza para participar en la salida &#8220;Douro 4&#215;4 Portugu\u00e9s. Arribes del Duero&#8221;. Es suficiente una \u00fanica reserva por unidad familiar o pareja. Aqu\u00ed puedes ver la p\u00e1gina con toda la informaci\u00f3n sobre este viaje y la pr\u00f3xima fecha disponible. En el proceso de compra, por favor, incluye en [&hellip;]<\/p>\n","protected":false},"featured_media":8223,"comment_status":"open","ping_status":"closed","template":"","meta":[],"product_brand":[],"product_cat":[99],"product_tag":[111,351,105,352,354,353,156,181,295,143,97],"class_list":{"0":"post-8218","1":"product","2":"type-product","3":"status-publish","4":"has-post-thumbnail","6":"product_cat-vacaciones-4x4","7":"product_tag-4x4","8":"product_tag-arribes-del-duero","9":"product_tag-aventura","10":"product_tag-braganca","11":"product_tag-lago-de-sanabria","12":"product_tag-montesinho","13":"product_tag-paisajes","14":"product_tag-parque-natural","15":"product_tag-portugal","16":"product_tag-rutas-4x4","17":"product_tag-todoterreno","19":"first","20":"instock","21":"sold-individually","22":"taxable","23":"shipping-taxable","24":"purchasable","25":"product-type-variable"},"_links":{"self":[{"href":"https:\/\/terranatur.es\/web\/wp-json\/wp\/v2\/product\/8218","targetHints":{"allow":["GET"]}}],"collection":[{"href":"https:\/\/terranatur.es\/web\/wp-json\/wp\/v2\/product"}],"about":[{"href":"https:\/\/terranatur.es\/web\/wp-json\/wp\/v2\/types\/product"}],"replies":[{"embeddable":true,"href":"https:\/\/terranatur.es\/web\/wp-json\/wp\/v2\/comments?post=8218"}],"wp:featuredmedia":[{"embeddable":true,"href":"https:\/\/terranatur.es\/web\/wp-json\/wp\/v2\/media\/8223"}],"wp:attachment":[{"href":"https:\/\/terranatur.es\/web\/wp-json\/wp\/v2\/media?parent=8218"}],"wp:term":[{"taxonomy":"product_brand","embeddable":true,"href":"https:\/\/terranatur.es\/web\/wp-json\/wp\/v2\/product_brand?post=8218"},{"taxonomy":"product_cat","embeddable":true,"href":"https:\/\/terranatur.es\/web\/wp-json\/wp\/v2\/product_cat?post=8218"},{"taxonomy":"product_tag","embeddable":true,"href":"https:\/\/terranatur.es\/web\/wp-json\/wp\/v2\/product_tag?post=8218"}],"curies":[{"name":"wp","href":"https:\/\/api.w.org\/{rel}","templated":true}]}}