{"id":9087,"date":"2022-10-13T16:24:22","date_gmt":"2022-10-13T14:24:22","guid":{"rendered":"https:\/\/terranatur.es\/web\/?post_type=product&#038;p=9087"},"modified":"2026-02-18T12:12:14","modified_gmt":"2026-02-18T11:12:14","slug":"reserva-cazorla-invernal-4x4","status":"publish","type":"product","link":"https:\/\/terranatur.es\/web\/comprar\/reserva-cazorla-invernal-4x4\/","title":{"rendered":"Reserva Cazorla 4&#215;4 + R\u00edo Mundo"},"content":{"rendered":"<p>La compra de esta reserva permite participar en el viaje &#8220;Cazorla 4&#215;4 + R\u00edo Mundo&#8221;. Durante el proceso de compra, podr\u00e1s elegir la fecha que m\u00e1s te interesa.<\/p>\n<p>Es suficiente una \u00fanica reserva por unidad familiar o pareja.<\/p>\n<p><a href=\"https:\/\/terranatur.es\/web\/cazorla-invernal\/\"><strong>A<\/strong><strong>qu\u00ed puedes ver la p\u00e1gina con toda la informaci\u00f3n sobre estos viajes.<\/strong><\/a><\/p>\n<p>En el proceso de compra, por favor, incluye en el campo libre de informaci\u00f3n quien viene contigo, si traes ni\u00f1os y sus edades, y el veh\u00edculo que llevar\u00e1s. El resto del viaje se paga por transferencia bancaria antes del viaje. Consulta si deseas pagar en efectivo.<\/p>\n<p>D\u00edas antes te enviaremos un correo electr\u00f3nico con instrucciones y las rutas para cargar en tu dispositivo m\u00f3vil.<\/p>\n<p>\u00a1Muchas gracias por tu reserva! Estamos deseando verte en persona.<\/p>\n","protected":false},"excerpt":{"rendered":"<p>La compra de esta reserva permite participar en el viaje &#8220;Cazorla 4&#215;4 + R\u00edo Mundo&#8221;. Durante el proceso de compra, podr\u00e1s elegir la fecha que m\u00e1s te interesa. Es suficiente una \u00fanica reserva por unidad familiar o pareja. Aqu\u00ed puedes ver la p\u00e1gina con toda la informaci\u00f3n sobre estos viajes. En el proceso de compra, [&hellip;]<\/p>\n","protected":false},"featured_media":14546,"comment_status":"open","ping_status":"closed","template":"","meta":[],"product_brand":[],"product_cat":[211],"product_tag":[111,177,179,180,182,156,181,367,178,368,97],"class_list":{"0":"post-9087","1":"product","2":"type-product","3":"status-publish","4":"has-post-thumbnail","6":"product_cat-fines-de-semana-4x4","7":"product_tag-4x4","8":"product_tag-cazorla","9":"product_tag-cortijo-de-ramon","10":"product_tag-jaen","11":"product_tag-nieve","12":"product_tag-paisajes","13":"product_tag-parque-natural","14":"product_tag-rio-mundo","15":"product_tag-segura","16":"product_tag-sierra-de-alcaraz","17":"product_tag-todoterreno","19":"first","20":"instock","21":"sold-individually","22":"taxable","23":"shipping-taxable","24":"purchasable","25":"product-type-variable"},"_links":{"self":[{"href":"https:\/\/terranatur.es\/web\/wp-json\/wp\/v2\/product\/9087","targetHints":{"allow":["GET"]}}],"collection":[{"href":"https:\/\/terranatur.es\/web\/wp-json\/wp\/v2\/product"}],"about":[{"href":"https:\/\/terranatur.es\/web\/wp-json\/wp\/v2\/types\/product"}],"replies":[{"embeddable":true,"href":"https:\/\/terranatur.es\/web\/wp-json\/wp\/v2\/comments?post=9087"}],"wp:featuredmedia":[{"embeddable":true,"href":"https:\/\/terranatur.es\/web\/wp-json\/wp\/v2\/media\/14546"}],"wp:attachment":[{"href":"https:\/\/terranatur.es\/web\/wp-json\/wp\/v2\/media?parent=9087"}],"wp:term":[{"taxonomy":"product_brand","embeddable":true,"href":"https:\/\/terranatur.es\/web\/wp-json\/wp\/v2\/product_brand?post=9087"},{"taxonomy":"product_cat","embeddable":true,"href":"https:\/\/terranatur.es\/web\/wp-json\/wp\/v2\/product_cat?post=9087"},{"taxonomy":"product_tag","embeddable":true,"href":"https:\/\/terranatur.es\/web\/wp-json\/wp\/v2\/product_tag?post=9087"}],"curies":[{"name":"wp","href":"https:\/\/api.w.org\/{rel}","templated":true}]}}